{"id":535,"date":"2024-03-15T08:12:45","date_gmt":"2024-03-15T11:12:45","guid":{"rendered":"https:\/\/meditt.rayconsulting.com.br\/?page_id=535"},"modified":"2024-03-15T08:18:11","modified_gmt":"2024-03-15T11:18:11","slug":"solucoes","status":"publish","type":"page","link":"https:\/\/meditt.rayconsulting.com.br\/index.php\/solucoes\/","title":{"rendered":"Solu\u00e7\u00f5es"},"content":{"rendered":"\t\t<div data-elementor-type=\"wp-page\" data-elementor-id=\"535\" class=\"elementor elementor-535\" data-elementor-post-type=\"page\">\n\t\t\t\t\t\t<section class=\"elementor-section elementor-top-section elementor-element elementor-element-17aa5466 elementor-section-boxed elementor-section-height-default elementor-section-height-default\" data-id=\"17aa5466\" data-element_type=\"section\">\n\t\t\t\t\t\t<div class=\"elementor-container elementor-column-gap-default\">\n\t\t\t\t\t<div class=\"elementor-column elementor-col-50 elementor-top-column elementor-element elementor-element-41375781\" data-id=\"41375781\" data-element_type=\"column\">\n\t\t\t<div class=\"elementor-widget-wrap elementor-element-populated\">\n\t\t\t\t\t\t<div class=\"elementor-element elementor-element-2275396c elementor-widget elementor-widget-elementskit-heading\" data-id=\"2275396c\" data-element_type=\"widget\" data-widget_type=\"elementskit-heading.default\">\n\t\t\t\t<div class=\"elementor-widget-container\">\n\t\t\t<div class=\"ekit-wid-con\" ><div class=\"ekit-heading elementskit-section-title-wraper text_left   ekit_heading_tablet-   ekit_heading_mobile-\"><h2 class=\"ekit-heading--title elementskit-section-title \">Conhe\u00e7a todas as nossas solu\u00e7\u00f5es<\/h2><div class=\"ekit_heading_separetor_wraper ekit_heading_elementskit-border-divider elementskit-style-long\"><div class=\"elementskit-border-divider elementskit-style-long\"><\/div><\/div><\/div><\/div>\t\t<\/div>\n\t\t\t\t<\/div>\n\t\t\t\t\t<\/div>\n\t\t<\/div>\n\t\t\t\t<div class=\"elementor-column elementor-col-50 elementor-top-column elementor-element elementor-element-37321538\" data-id=\"37321538\" data-element_type=\"column\">\n\t\t\t<div class=\"elementor-widget-wrap elementor-element-populated\">\n\t\t\t\t\t\t<div class=\"elementor-element elementor-element-8466686 elementor-widget elementor-widget-text-editor\" data-id=\"8466686\" data-element_type=\"widget\" data-widget_type=\"text-editor.default\">\n\t\t\t\t<div class=\"elementor-widget-container\">\n\t\t\t<style>\/*! elementor - v3.20.0 - 10-04-2024 *\/\n.elementor-widget-text-editor.elementor-drop-cap-view-stacked .elementor-drop-cap{background-color:#69727d;color:#fff}.elementor-widget-text-editor.elementor-drop-cap-view-framed .elementor-drop-cap{color:#69727d;border:3px solid;background-color:transparent}.elementor-widget-text-editor:not(.elementor-drop-cap-view-default) .elementor-drop-cap{margin-top:8px}.elementor-widget-text-editor:not(.elementor-drop-cap-view-default) .elementor-drop-cap-letter{width:1em;height:1em}.elementor-widget-text-editor .elementor-drop-cap{float:left;text-align:center;line-height:1;font-size:50px}.elementor-widget-text-editor .elementor-drop-cap-letter{display:inline-block}<\/style>\t\t\t\t<p>Proin mattis placerat ullamcorper nibh ad suscipit. Ultricies vehicula auctor porta per sagittis elit imperdiet maecenas placerat. Nullam conubia duis consequat malesuada nostra dictum adipiscing.<\/p>\t\t\t\t\t\t<\/div>\n\t\t\t\t<\/div>\n\t\t\t\t\t<\/div>\n\t\t<\/div>\n\t\t\t\t\t<\/div>\n\t\t<\/section>\n\t\t\t\t<section class=\"elementor-section elementor-top-section elementor-element elementor-element-413f335 elementor-section-boxed elementor-section-height-default elementor-section-height-default\" data-id=\"413f335\" data-element_type=\"section\">\n\t\t\t\t\t\t<div class=\"elementor-container elementor-column-gap-default\">\n\t\t\t\t\t<div class=\"elementor-column elementor-col-33 elementor-top-column elementor-element elementor-element-7aca8109\" data-id=\"7aca8109\" data-element_type=\"column\">\n\t\t\t<div class=\"elementor-widget-wrap elementor-element-populated\">\n\t\t\t\t\t\t<section class=\"elementor-section elementor-inner-section elementor-element elementor-element-2889e91c elementor-section-boxed elementor-section-height-default elementor-section-height-default\" data-id=\"2889e91c\" data-element_type=\"section\">\n\t\t\t\t\t\t<div class=\"elementor-container elementor-column-gap-default\">\n\t\t\t\t\t<div class=\"elementor-column elementor-col-100 elementor-inner-column elementor-element elementor-element-3ae4e564\" data-id=\"3ae4e564\" data-element_type=\"column\">\n\t\t\t<div class=\"elementor-widget-wrap elementor-element-populated\">\n\t\t\t\t\t\t<div class=\"elementor-element elementor-element-cfbc9c5 elementor-position-top elementor-widget elementor-widget-image-box\" data-id=\"cfbc9c5\" data-element_type=\"widget\" data-widget_type=\"image-box.default\">\n\t\t\t\t<div class=\"elementor-widget-container\">\n\t\t\t<style>\/*! elementor - v3.20.0 - 10-04-2024 *\/\n.elementor-widget-image-box .elementor-image-box-content{width:100%}@media (min-width:768px){.elementor-widget-image-box.elementor-position-left .elementor-image-box-wrapper,.elementor-widget-image-box.elementor-position-right .elementor-image-box-wrapper{display:flex}.elementor-widget-image-box.elementor-position-right .elementor-image-box-wrapper{text-align:right;flex-direction:row-reverse}.elementor-widget-image-box.elementor-position-left .elementor-image-box-wrapper{text-align:left;flex-direction:row}.elementor-widget-image-box.elementor-position-top .elementor-image-box-img{margin:auto}.elementor-widget-image-box.elementor-vertical-align-top .elementor-image-box-wrapper{align-items:flex-start}.elementor-widget-image-box.elementor-vertical-align-middle .elementor-image-box-wrapper{align-items:center}.elementor-widget-image-box.elementor-vertical-align-bottom .elementor-image-box-wrapper{align-items:flex-end}}@media (max-width:767px){.elementor-widget-image-box .elementor-image-box-img{margin-left:auto!important;margin-right:auto!important;margin-bottom:15px}}.elementor-widget-image-box .elementor-image-box-img{display:inline-block}.elementor-widget-image-box .elementor-image-box-title a{color:inherit}.elementor-widget-image-box .elementor-image-box-wrapper{text-align:center}.elementor-widget-image-box .elementor-image-box-description{margin:0}<\/style><div class=\"elementor-image-box-wrapper\"><figure class=\"elementor-image-box-img\"><img fetchpriority=\"high\" decoding=\"async\" width=\"2916\" height=\"1632\" src=\"https:\/\/meditt.rayconsulting.com.br\/wp-content\/uploads\/2024\/01\/LOGO-ANEST-CLIN-ONE_RBG-01.png\" class=\"attachment-full size-full wp-image-299\" alt=\"\" srcset=\"https:\/\/meditt.rayconsulting.com.br\/wp-content\/uploads\/2024\/01\/LOGO-ANEST-CLIN-ONE_RBG-01.png 2916w, https:\/\/meditt.rayconsulting.com.br\/wp-content\/uploads\/2024\/01\/LOGO-ANEST-CLIN-ONE_RBG-01-300x168.png 300w, https:\/\/meditt.rayconsulting.com.br\/wp-content\/uploads\/2024\/01\/LOGO-ANEST-CLIN-ONE_RBG-01-1024x573.png 1024w, https:\/\/meditt.rayconsulting.com.br\/wp-content\/uploads\/2024\/01\/LOGO-ANEST-CLIN-ONE_RBG-01-768x430.png 768w, https:\/\/meditt.rayconsulting.com.br\/wp-content\/uploads\/2024\/01\/LOGO-ANEST-CLIN-ONE_RBG-01-1536x860.png 1536w, https:\/\/meditt.rayconsulting.com.br\/wp-content\/uploads\/2024\/01\/LOGO-ANEST-CLIN-ONE_RBG-01-2048x1146.png 2048w\" sizes=\"(max-width: 2916px) 100vw, 2916px\" \/><\/figure><div class=\"elementor-image-box-content\"><h3 class=\"elementor-image-box-title\">Sistema Clinic M\u00c9DITT<\/h3><p class=\"elementor-image-box-description\">Sistema desenvolvido para gerenciar consultas, cirurgias e suprimentos em cl\u00ednicas e hospitais, com integra\u00e7\u00e3o de sistemas existentes e suporte ao padr\u00e3o TISS.<\/p><\/div><\/div>\t\t<\/div>\n\t\t\t\t<\/div>\n\t\t\t\t<div class=\"elementor-element elementor-element-14978248 elementor-align-left elementor-widget elementor-widget-button\" data-id=\"14978248\" data-element_type=\"widget\" data-widget_type=\"button.default\">\n\t\t\t\t<div class=\"elementor-widget-container\">\n\t\t\t\t\t<div class=\"elementor-button-wrapper\">\n\t\t\t<a class=\"elementor-button elementor-button-link elementor-size-sm elementor-animation-float\" href=\"#\">\n\t\t\t\t\t\t<span class=\"elementor-button-content-wrapper\">\n\t\t\t\t\t\t<span class=\"elementor-button-text\">Conhecer Solu\u00e7\u00e3o<\/span>\n\t\t<\/span>\n\t\t\t\t\t<\/a>\n\t\t<\/div>\n\t\t\t\t<\/div>\n\t\t\t\t<\/div>\n\t\t\t\t\t<\/div>\n\t\t<\/div>\n\t\t\t\t\t<\/div>\n\t\t<\/section>\n\t\t\t\t\t<\/div>\n\t\t<\/div>\n\t\t\t\t<div class=\"elementor-column elementor-col-33 elementor-top-column elementor-element elementor-element-22fffdb5\" data-id=\"22fffdb5\" data-element_type=\"column\">\n\t\t\t<div class=\"elementor-widget-wrap elementor-element-populated\">\n\t\t\t\t\t\t<section class=\"elementor-section elementor-inner-section elementor-element elementor-element-101b517c elementor-section-boxed elementor-section-height-default elementor-section-height-default\" data-id=\"101b517c\" data-element_type=\"section\">\n\t\t\t\t\t\t<div class=\"elementor-container elementor-column-gap-default\">\n\t\t\t\t\t<div class=\"elementor-column elementor-col-100 elementor-inner-column elementor-element elementor-element-34d16075\" data-id=\"34d16075\" data-element_type=\"column\">\n\t\t\t<div class=\"elementor-widget-wrap elementor-element-populated\">\n\t\t\t\t\t\t<div class=\"elementor-element elementor-element-3079498 elementor-position-top elementor-widget elementor-widget-image-box\" data-id=\"3079498\" data-element_type=\"widget\" data-widget_type=\"image-box.default\">\n\t\t\t\t<div class=\"elementor-widget-container\">\n\t\t\t<div class=\"elementor-image-box-wrapper\"><figure class=\"elementor-image-box-img\"><img decoding=\"async\" width=\"3111\" height=\"1334\" src=\"https:\/\/meditt.rayconsulting.com.br\/wp-content\/uploads\/2024\/01\/LOGO-MCARE_RGB-01.png\" class=\"attachment-full size-full wp-image-297\" alt=\"\" srcset=\"https:\/\/meditt.rayconsulting.com.br\/wp-content\/uploads\/2024\/01\/LOGO-MCARE_RGB-01.png 3111w, https:\/\/meditt.rayconsulting.com.br\/wp-content\/uploads\/2024\/01\/LOGO-MCARE_RGB-01-300x129.png 300w, https:\/\/meditt.rayconsulting.com.br\/wp-content\/uploads\/2024\/01\/LOGO-MCARE_RGB-01-1024x439.png 1024w, https:\/\/meditt.rayconsulting.com.br\/wp-content\/uploads\/2024\/01\/LOGO-MCARE_RGB-01-768x329.png 768w, https:\/\/meditt.rayconsulting.com.br\/wp-content\/uploads\/2024\/01\/LOGO-MCARE_RGB-01-1536x659.png 1536w, https:\/\/meditt.rayconsulting.com.br\/wp-content\/uploads\/2024\/01\/LOGO-MCARE_RGB-01-2048x878.png 2048w\" sizes=\"(max-width: 3111px) 100vw, 3111px\" \/><\/figure><div class=\"elementor-image-box-content\"><h3 class=\"elementor-image-box-title\">Sistema<\/br>M-CARE<\/h3><p class=\"elementor-image-box-description\">Sistema desenvolvido para gerenciar consultas, cirurgias e suprimentos em cl\u00ednicas e hospitais, com integra\u00e7\u00e3o de sistemas existentes e suporte ao padr\u00e3o TISS.<\/p><\/div><\/div>\t\t<\/div>\n\t\t\t\t<\/div>\n\t\t\t\t<div class=\"elementor-element elementor-element-ebc40ef elementor-align-left elementor-widget elementor-widget-button\" data-id=\"ebc40ef\" data-element_type=\"widget\" data-widget_type=\"button.default\">\n\t\t\t\t<div class=\"elementor-widget-container\">\n\t\t\t\t\t<div class=\"elementor-button-wrapper\">\n\t\t\t<a class=\"elementor-button elementor-button-link elementor-size-sm elementor-animation-float\" href=\"#\">\n\t\t\t\t\t\t<span class=\"elementor-button-content-wrapper\">\n\t\t\t\t\t\t<span class=\"elementor-button-text\">Conhecer Solu\u00e7\u00e3o<\/span>\n\t\t<\/span>\n\t\t\t\t\t<\/a>\n\t\t<\/div>\n\t\t\t\t<\/div>\n\t\t\t\t<\/div>\n\t\t\t\t\t<\/div>\n\t\t<\/div>\n\t\t\t\t\t<\/div>\n\t\t<\/section>\n\t\t\t\t\t<\/div>\n\t\t<\/div>\n\t\t\t\t<div class=\"elementor-column elementor-col-33 elementor-top-column elementor-element elementor-element-afa8ea8\" data-id=\"afa8ea8\" data-element_type=\"column\">\n\t\t\t<div class=\"elementor-widget-wrap elementor-element-populated\">\n\t\t\t\t\t\t<section class=\"elementor-section elementor-inner-section elementor-element elementor-element-7cf2724e elementor-section-boxed elementor-section-height-default elementor-section-height-default\" data-id=\"7cf2724e\" data-element_type=\"section\">\n\t\t\t\t\t\t<div class=\"elementor-container elementor-column-gap-default\">\n\t\t\t\t\t<div class=\"elementor-column elementor-col-100 elementor-inner-column elementor-element elementor-element-44fc345b\" data-id=\"44fc345b\" data-element_type=\"column\">\n\t\t\t<div class=\"elementor-widget-wrap elementor-element-populated\">\n\t\t\t\t\t\t<div class=\"elementor-element elementor-element-7a9e0e8 elementor-position-top elementor-widget elementor-widget-image-box\" data-id=\"7a9e0e8\" data-element_type=\"widget\" data-widget_type=\"image-box.default\">\n\t\t\t\t<div class=\"elementor-widget-container\">\n\t\t\t<div class=\"elementor-image-box-wrapper\"><figure class=\"elementor-image-box-img\"><img decoding=\"async\" width=\"512\" height=\"286\" src=\"https:\/\/meditt.rayconsulting.com.br\/wp-content\/uploads\/2024\/01\/cropped-Design-sem-nome-2024-01-25T183654.685-e1708469147302.png\" class=\"attachment-full size-full wp-image-269\" alt=\"\" srcset=\"https:\/\/meditt.rayconsulting.com.br\/wp-content\/uploads\/2024\/01\/cropped-Design-sem-nome-2024-01-25T183654.685-e1708469147302.png 512w, https:\/\/meditt.rayconsulting.com.br\/wp-content\/uploads\/2024\/01\/cropped-Design-sem-nome-2024-01-25T183654.685-e1708469147302-300x168.png 300w\" sizes=\"(max-width: 512px) 100vw, 512px\" \/><\/figure><div class=\"elementor-image-box-content\"><h3 class=\"elementor-image-box-title\">ANESTone Simple<\/h3><p class=\"elementor-image-box-description\">Sistema que oferece fichas pr\u00e9-anest\u00e9sicas, anest\u00e9sicas e p\u00f3s-anest\u00e9sicas, juntamente com RPA, acess\u00edvel via dispositivos m\u00f3veis,ou integra\u00e7\u00e3o ao sistema da institui\u00e7\u00e3o de sa\u00fade.<\/p><\/div><\/div>\t\t<\/div>\n\t\t\t\t<\/div>\n\t\t\t\t<div class=\"elementor-element elementor-element-8f7a14e elementor-align-left elementor-widget elementor-widget-button\" data-id=\"8f7a14e\" data-element_type=\"widget\" data-widget_type=\"button.default\">\n\t\t\t\t<div class=\"elementor-widget-container\">\n\t\t\t\t\t<div class=\"elementor-button-wrapper\">\n\t\t\t<a class=\"elementor-button elementor-button-link elementor-size-sm elementor-animation-float\" href=\"#\">\n\t\t\t\t\t\t<span class=\"elementor-button-content-wrapper\">\n\t\t\t\t\t\t<span class=\"elementor-button-text\">Conhecer Solu\u00e7\u00e3o<\/span>\n\t\t<\/span>\n\t\t\t\t\t<\/a>\n\t\t<\/div>\n\t\t\t\t<\/div>\n\t\t\t\t<\/div>\n\t\t\t\t\t<\/div>\n\t\t<\/div>\n\t\t\t\t\t<\/div>\n\t\t<\/section>\n\t\t\t\t\t<\/div>\n\t\t<\/div>\n\t\t\t\t\t<\/div>\n\t\t<\/section>\n\t\t\t\t<section class=\"elementor-section elementor-top-section elementor-element elementor-element-67744e3d elementor-section-boxed elementor-section-height-default elementor-section-height-default\" data-id=\"67744e3d\" data-element_type=\"section\">\n\t\t\t\t\t\t<div class=\"elementor-container elementor-column-gap-default\">\n\t\t\t\t\t<div class=\"elementor-column elementor-col-50 elementor-top-column elementor-element elementor-element-25ab6235\" data-id=\"25ab6235\" data-element_type=\"column\">\n\t\t\t<div class=\"elementor-widget-wrap elementor-element-populated\">\n\t\t\t\t\t\t<section class=\"elementor-section elementor-inner-section elementor-element elementor-element-1f310d92 elementor-section-boxed elementor-section-height-default elementor-section-height-default\" data-id=\"1f310d92\" data-element_type=\"section\">\n\t\t\t\t\t\t<div class=\"elementor-container elementor-column-gap-default\">\n\t\t\t\t\t<div class=\"elementor-column elementor-col-100 elementor-inner-column elementor-element elementor-element-70464abe\" data-id=\"70464abe\" data-element_type=\"column\">\n\t\t\t<div class=\"elementor-widget-wrap elementor-element-populated\">\n\t\t\t\t\t\t<div class=\"elementor-element elementor-element-35ad65e elementor-position-top elementor-widget elementor-widget-image-box\" data-id=\"35ad65e\" data-element_type=\"widget\" data-widget_type=\"image-box.default\">\n\t\t\t\t<div class=\"elementor-widget-container\">\n\t\t\t<div class=\"elementor-image-box-wrapper\"><figure class=\"elementor-image-box-img\"><img loading=\"lazy\" decoding=\"async\" width=\"2839\" height=\"1602\" src=\"https:\/\/meditt.rayconsulting.com.br\/wp-content\/uploads\/2024\/01\/LOGO-ANEST-ONE-LITE_RGB-01.png\" class=\"attachment-full size-full wp-image-298\" alt=\"\" srcset=\"https:\/\/meditt.rayconsulting.com.br\/wp-content\/uploads\/2024\/01\/LOGO-ANEST-ONE-LITE_RGB-01.png 2839w, https:\/\/meditt.rayconsulting.com.br\/wp-content\/uploads\/2024\/01\/LOGO-ANEST-ONE-LITE_RGB-01-300x169.png 300w, https:\/\/meditt.rayconsulting.com.br\/wp-content\/uploads\/2024\/01\/LOGO-ANEST-ONE-LITE_RGB-01-1024x578.png 1024w, https:\/\/meditt.rayconsulting.com.br\/wp-content\/uploads\/2024\/01\/LOGO-ANEST-ONE-LITE_RGB-01-768x433.png 768w, https:\/\/meditt.rayconsulting.com.br\/wp-content\/uploads\/2024\/01\/LOGO-ANEST-ONE-LITE_RGB-01-1536x867.png 1536w, https:\/\/meditt.rayconsulting.com.br\/wp-content\/uploads\/2024\/01\/LOGO-ANEST-ONE-LITE_RGB-01-2048x1156.png 2048w\" sizes=\"(max-width: 2839px) 100vw, 2839px\" \/><\/figure><div class=\"elementor-image-box-content\"><h3 class=\"elementor-image-box-title\">ANESTone Simple<\/h3><p class=\"elementor-image-box-description\">Controle de atendimento cir\u00fargico, incluindo consulta pr\u00e9-anest\u00e9sica, ficha de anestesia, encaminhamento para RPA e indicadores de anestesia, com painel de controle integrado.<\/p><\/div><\/div>\t\t<\/div>\n\t\t\t\t<\/div>\n\t\t\t\t<div class=\"elementor-element elementor-element-10042ee elementor-align-left elementor-widget elementor-widget-button\" data-id=\"10042ee\" data-element_type=\"widget\" data-widget_type=\"button.default\">\n\t\t\t\t<div class=\"elementor-widget-container\">\n\t\t\t\t\t<div class=\"elementor-button-wrapper\">\n\t\t\t<a class=\"elementor-button elementor-button-link elementor-size-sm elementor-animation-float\" href=\"#\">\n\t\t\t\t\t\t<span class=\"elementor-button-content-wrapper\">\n\t\t\t\t\t\t<span class=\"elementor-button-text\">Conhecer Solu\u00e7\u00e3o<\/span>\n\t\t<\/span>\n\t\t\t\t\t<\/a>\n\t\t<\/div>\n\t\t\t\t<\/div>\n\t\t\t\t<\/div>\n\t\t\t\t\t<\/div>\n\t\t<\/div>\n\t\t\t\t\t<\/div>\n\t\t<\/section>\n\t\t\t\t\t<\/div>\n\t\t<\/div>\n\t\t\t\t<div class=\"elementor-column elementor-col-50 elementor-top-column elementor-element elementor-element-60dabe40\" data-id=\"60dabe40\" data-element_type=\"column\">\n\t\t\t<div class=\"elementor-widget-wrap elementor-element-populated\">\n\t\t\t\t\t\t<section class=\"elementor-section elementor-inner-section elementor-element elementor-element-f51d96d elementor-section-boxed elementor-section-height-default elementor-section-height-default\" data-id=\"f51d96d\" data-element_type=\"section\">\n\t\t\t\t\t\t<div class=\"elementor-container elementor-column-gap-default\">\n\t\t\t\t\t<div class=\"elementor-column elementor-col-100 elementor-inner-column elementor-element elementor-element-2fa44e0d\" data-id=\"2fa44e0d\" data-element_type=\"column\">\n\t\t\t<div class=\"elementor-widget-wrap elementor-element-populated\">\n\t\t\t\t\t\t<div class=\"elementor-element elementor-element-6ebaed6 elementor-position-top elementor-widget elementor-widget-image-box\" data-id=\"6ebaed6\" data-element_type=\"widget\" data-widget_type=\"image-box.default\">\n\t\t\t\t<div class=\"elementor-widget-container\">\n\t\t\t<div class=\"elementor-image-box-wrapper\"><figure class=\"elementor-image-box-img\"><img loading=\"lazy\" decoding=\"async\" width=\"2872\" height=\"1623\" src=\"https:\/\/meditt.rayconsulting.com.br\/wp-content\/uploads\/2024\/01\/LOGO-ANEST-ONE-GROUP_RGB-01.png\" class=\"attachment-full size-full wp-image-296\" alt=\"\" srcset=\"https:\/\/meditt.rayconsulting.com.br\/wp-content\/uploads\/2024\/01\/LOGO-ANEST-ONE-GROUP_RGB-01.png 2872w, https:\/\/meditt.rayconsulting.com.br\/wp-content\/uploads\/2024\/01\/LOGO-ANEST-ONE-GROUP_RGB-01-300x170.png 300w, https:\/\/meditt.rayconsulting.com.br\/wp-content\/uploads\/2024\/01\/LOGO-ANEST-ONE-GROUP_RGB-01-1024x579.png 1024w, https:\/\/meditt.rayconsulting.com.br\/wp-content\/uploads\/2024\/01\/LOGO-ANEST-ONE-GROUP_RGB-01-768x434.png 768w, https:\/\/meditt.rayconsulting.com.br\/wp-content\/uploads\/2024\/01\/LOGO-ANEST-ONE-GROUP_RGB-01-1536x868.png 1536w, https:\/\/meditt.rayconsulting.com.br\/wp-content\/uploads\/2024\/01\/LOGO-ANEST-ONE-GROUP_RGB-01-2048x1157.png 2048w\" sizes=\"(max-width: 2872px) 100vw, 2872px\" \/><\/figure><div class=\"elementor-image-box-content\"><h3 class=\"elementor-image-box-title\">ANESTone Simple<\/h3><p class=\"elementor-image-box-description\">Vers\u00e3o que contempla funcionalidades b\u00e1sicas, desenvolvido para acompanhar um anestesiologista, ou grupo de anestesiologistas, nas suas atividades di\u00e1rias.<\/p><\/div><\/div>\t\t<\/div>\n\t\t\t\t<\/div>\n\t\t\t\t<div class=\"elementor-element elementor-element-8348542 elementor-align-left elementor-widget elementor-widget-button\" data-id=\"8348542\" data-element_type=\"widget\" data-widget_type=\"button.default\">\n\t\t\t\t<div class=\"elementor-widget-container\">\n\t\t\t\t\t<div class=\"elementor-button-wrapper\">\n\t\t\t<a class=\"elementor-button elementor-button-link elementor-size-sm elementor-animation-float\" href=\"#\">\n\t\t\t\t\t\t<span class=\"elementor-button-content-wrapper\">\n\t\t\t\t\t\t<span class=\"elementor-button-text\">Conhecer Solu\u00e7\u00e3o<\/span>\n\t\t<\/span>\n\t\t\t\t\t<\/a>\n\t\t<\/div>\n\t\t\t\t<\/div>\n\t\t\t\t<\/div>\n\t\t\t\t\t<\/div>\n\t\t<\/div>\n\t\t\t\t\t<\/div>\n\t\t<\/section>\n\t\t\t\t\t<\/div>\n\t\t<\/div>\n\t\t\t\t\t<\/div>\n\t\t<\/section>\n\t\t\t\t<section class=\"elementor-section elementor-top-section elementor-element elementor-element-e6c6f0a elementor-section-boxed elementor-section-height-default elementor-section-height-default\" data-id=\"e6c6f0a\" data-element_type=\"section\" data-settings=\"{&quot;background_background&quot;:&quot;classic&quot;}\">\n\t\t\t\t\t\t\t<div class=\"elementor-background-overlay\"><\/div>\n\t\t\t\t\t\t\t<div class=\"elementor-container elementor-column-gap-default\">\n\t\t\t\t\t<div class=\"elementor-column elementor-col-100 elementor-top-column elementor-element elementor-element-c490d45\" data-id=\"c490d45\" data-element_type=\"column\">\n\t\t\t<div class=\"elementor-widget-wrap elementor-element-populated\">\n\t\t\t\t\t\t<div class=\"elementor-element elementor-element-731724a elementor-widget elementor-widget-heading\" data-id=\"731724a\" data-element_type=\"widget\" data-widget_type=\"heading.default\">\n\t\t\t\t<div class=\"elementor-widget-container\">\n\t\t\t<style>\/*! elementor - v3.20.0 - 10-04-2024 *\/\n.elementor-heading-title{padding:0;margin:0;line-height:1}.elementor-widget-heading .elementor-heading-title[class*=elementor-size-]>a{color:inherit;font-size:inherit;line-height:inherit}.elementor-widget-heading .elementor-heading-title.elementor-size-small{font-size:15px}.elementor-widget-heading .elementor-heading-title.elementor-size-medium{font-size:19px}.elementor-widget-heading .elementor-heading-title.elementor-size-large{font-size:29px}.elementor-widget-heading .elementor-heading-title.elementor-size-xl{font-size:39px}.elementor-widget-heading .elementor-heading-title.elementor-size-xxl{font-size:59px}<\/style><h2 class=\"elementor-heading-title elementor-size-default\">A M\u00c9DITT\u00ae est\u00e1 desde de 2008 criando tecnologias que se destacam na \u00e1rea da sa\u00fade<\/h2>\t\t<\/div>\n\t\t\t\t<\/div>\n\t\t\t\t<div class=\"elementor-element elementor-element-d3efa6c elementor-widget elementor-widget-text-editor\" data-id=\"d3efa6c\" data-element_type=\"widget\" data-widget_type=\"text-editor.default\">\n\t\t\t\t<div class=\"elementor-widget-container\">\n\t\t\t\t\t\t\t<p>Conhe\u00e7a nossas solu\u00e7\u00f5es que est\u00e3o ao redor do Brasil.<\/p>\t\t\t\t\t\t<\/div>\n\t\t\t\t<\/div>\n\t\t\t\t\t<\/div>\n\t\t<\/div>\n\t\t\t\t\t<\/div>\n\t\t<\/section>\n\t\t\t\t<\/div>\n\t\t","protected":false},"excerpt":{"rendered":"<p>Conhe\u00e7a todas as nossas solu\u00e7\u00f5es Proin mattis placerat ullamcorper nibh ad suscipit. Ultricies vehicula auctor porta per sagittis elit imperdiet maecenas placerat. Nullam conubia duis consequat malesuada nostra dictum adipiscing. Sistema Clinic M\u00c9DITT Sistema desenvolvido para gerenciar consultas, cirurgias e suprimentos em cl\u00ednicas e hospitais, com integra\u00e7\u00e3o de sistemas existentes e suporte ao padr\u00e3o TISS. [&hellip;]<\/p>\n","protected":false},"author":1,"featured_media":0,"parent":0,"menu_order":0,"comment_status":"closed","ping_status":"closed","template":"elementor_header_footer","meta":{"footnotes":""},"_links":{"self":[{"href":"https:\/\/meditt.rayconsulting.com.br\/index.php\/wp-json\/wp\/v2\/pages\/535"}],"collection":[{"href":"https:\/\/meditt.rayconsulting.com.br\/index.php\/wp-json\/wp\/v2\/pages"}],"about":[{"href":"https:\/\/meditt.rayconsulting.com.br\/index.php\/wp-json\/wp\/v2\/types\/page"}],"author":[{"embeddable":true,"href":"https:\/\/meditt.rayconsulting.com.br\/index.php\/wp-json\/wp\/v2\/users\/1"}],"replies":[{"embeddable":true,"href":"https:\/\/meditt.rayconsulting.com.br\/index.php\/wp-json\/wp\/v2\/comments?post=535"}],"version-history":[{"count":4,"href":"https:\/\/meditt.rayconsulting.com.br\/index.php\/wp-json\/wp\/v2\/pages\/535\/revisions"}],"predecessor-version":[{"id":539,"href":"https:\/\/meditt.rayconsulting.com.br\/index.php\/wp-json\/wp\/v2\/pages\/535\/revisions\/539"}],"wp:attachment":[{"href":"https:\/\/meditt.rayconsulting.com.br\/index.php\/wp-json\/wp\/v2\/media?parent=535"}],"curies":[{"name":"wp","href":"https:\/\/api.w.org\/{rel}","templated":true}]}}